 common divisor of 112 and 4676?
28
Calculate the highest common divisor of 25 and 35675.
25
Calculate the highest common divisor of 381 and 140843.
127
What is the highest common factor of 120028 and 79478?
1622
Calculate the highest common factor of 6171 and 6402.
33
What is the highest common factor of 40 and 13670?
10
Calculate the greatest common divisor of 444 and 1383.
3
What is the greatest common factor of 78696 and 144?
72
What is the highest common factor of 48843 and 3149?
67
Calculate the highest common divisor of 1536 and 11184.
48
Calculate the greatest common divisor of 716250 and 764.
382
Calculate the greatest common divisor of 206145 and 2025.
405
What is the greatest common divisor of 4774 and 2827?
11
Calculate the greatest common factor of 2375 and 375.
125
What is the greatest common divisor of 700 and 144800?
100
What is the greatest common factor of 7752 and 19703?
323
What is the greatest common factor of 171666 and 935?
187
What is the highest common divisor of 340 and 32640?
340
Calculate the highest common divisor of 57760 and 560.
80
Calculate the highest common factor of 2516 and 283568.
148
Calculate the greatest common factor of 225530 and 4370.
190
What is the highest common divisor of 875 and 3592750?
875
What is the greatest common factor of 798 and 5282?
38
Calculate the greatest common divisor of 237 and 6213.
3
Calculate the highest common divisor of 2541 and 16401.
231
Calculate the highest common divisor of 455 and 25484095.
455
What is the highest common divisor of 27975 and 1675?
25
Calculate the highest common divisor of 119 and 396729.
17
What is the highest common factor of 20795853 and 13?
13
What is the highest common divisor of 80623 and 3219?
37
Calculate the highest common factor of 44143 and 11.
11
Calculate the greatest common divisor of 7116720 and 39.
39
What is the highest common divisor of 16614 and 390?
78
What is the highest common factor of 180 and 4608?
36
What is the highest common divisor of 1406 and 2375?
19
What is the highest common divisor of 494 and 18252?
26
Calculate the greatest common factor of 1458 and 20.
2
What is the greatest common factor of 6534 and 2862?
54
What is the greatest common divisor of 23596 and 4760?
68
Calculate the highest common factor of 87808 and 96.
32
Calculate the highest common factor of 590 and 10679.
59
What is the highest common divisor of 18009 and 5796?
207
Calculate the highest common divisor of 504 and 2576672.
56
What is the greatest common divisor of 632 and 1860134?
158
Calculate the greatest common divisor of 87616 and 888.
296
What is the highest common factor of 128 and 644?
4
Calculate the highest common divisor of 364782 and 66.
66
What is the greatest common divisor of 37490 and 45?
5
What is the highest common divisor of 208945 and 290?
145
What is the highest common factor of 73668 and 672?
84
What is the highest common factor of 220 and 18320?
20
What is the highest common divisor of 162770 and 3034?
82
What is the greatest common factor of 71829 and 21167?
347
Calculate the greatest common factor of 1144518 and 18.
6
What is the greatest common factor of 41 and 125009?
41
Calculate the greatest common factor of 12079 and 1034.
47
What is the greatest common divisor of 4849 and 40657?
373
What is the highest common divisor of 454 and 5403962?
454
What is the greatest common divisor of 3120 and 255?
15
What is the greatest common divisor of 187709 and 337?
337
Calculate the highest common factor of 255026 and 58.
58
What is the greatest common divisor of 16355 and 70?
5
Calculate the greatest common factor of 68675 and 10.
5
Calculate the highest common factor of 419765 and 93029.
2269
What is the highest common divisor of 930 and 1674?
186
What is the highest common factor of 357 and 1604953?
119
Calculate the highest common divisor of 1375 and 1956625.
1375
Calculate the greatest common divisor of 21850 and 132050.
950
Calculate the greatest common divisor of 434048 and 96.
32
Calculate the highest common factor of 7496 and 175219.
937
What is the highest common factor of 60226 and 2?
2
Calculate the highest common divisor of 4928 and 1568.
224
What is the highest common factor of 12224 and 96?
32
What is the greatest common divisor of 632 and 1724?
4
Calculate the greatest common divisor of 135513 and 175.
7
What is the greatest common factor of 507816 and 81?
27
Calculate the highest common factor of 117 and 455364.
117
Calculate the greatest common factor of 1728 and 5697.
27
What is the highest common divisor of 207 and 30751?
23
What is the highest common divisor of 252980 and 65?
65
Calculate the greatest common divisor of 11001 and 224652.
579
What is the greatest common factor of 3306 and 28215?
57
Calculate the greatest common divisor of 80584 and 4172.
28
What is the greatest common divisor of 2262 and 8178?
174
What is the greatest common divisor of 135 and 2183085?
135
Calculate the greatest common divisor of 31 and 18910.
31
What is the greatest common factor of 22236 and 4251?
327
Calculate the highest common factor of 9307 and 5371.
41
Calculate the greatest common factor of 216 and 59562.
54
What is the highest common divisor of 3679 and 48959?
283
Calculate the greatest common factor of 98124 and 312.
156
What is the greatest common divisor of 30 and 24945?
15
What is the highest common factor of 6447 and 126?
21
Calculate the greatest common divisor of 1320 and 140840.
40
Calculate the highest common divisor of 2510 and 400094.
502
Calculate the greatest common factor of 58634 and 38.
38
Calculate the highest common factor of 78 and 64545.
39
What is the highest common factor of 18 and 15658?
2
What is the greatest common divisor of 33513 and 9?
3
Calculate the greatest common divisor of 84543 and 1.
1
Calculate the greatest common factor of 464 and 932611.
29
Calculate the highest common factor of 439302 and 2532.
1266
What is the greatest common factor of 2924 and 7140?
68
What is the highest common factor of 6604 and 1664?
52
What is the greatest common factor of 885 and 4755?
15
Calculate the greatest common divisor of 532 and 34504.
76
What is the highest common divisor of 194 and 22213?
97
What is the greatest common factor of 2569255 and 715?
65
What is the greatest common divisor of 1038 and 7230?
6
Calculate the greatest common factor of 476377 and 341.
341
Calculate the greatest common factor of 2312 and 14008.
136
Calculate the highest common divisor of 20889 and 15543.
99
Calculate the highest common divisor of 735 and 2827398.
147
Calculate the greatest common divisor of 468 and 338598.
234
What is the highest common divisor of 8 and 54837?
1
What is the greatest common divisor of 165 and 69120?
15
Calculate the greatest common factor of 453221 and 329.
47
Calculate the greatest common divisor of 41557 and 8352.
29
What is the greatest common factor of 4556 and 9380?
268
What is the highest common divisor of 1007 and 2793?
19
Calculate the greatest common divisor of 5478 and 25278.
66
What is the highest common factor of 1685 and 365308?
337
Calculate the greatest common divisor of 60 and 42850.
10
What is the highest common factor of 86814 and 1458?
18
What is the highest common divisor of 11678615 and 65?
65
Calculate the highest common factor of 45 and 2890110.
15
Calculate the greatest common factor of 240637 and 3635.
727
Calculate the highest common factor of 27 and 275625.
9
Calculate the highest common divisor of 22824 and 2.
2
Calculate the highest common divisor of 530 and 24.
2
What is the greatest common factor of 190 and 118790?
10
Calculate the greatest common divisor of 5655 and 491790.
195
Calculate the greatest common factor of 210 and 873285.
105
Calculate the highest common divisor of 1270 and 27686.
254
What is the highest common divisor of 93 and 9?
3
Calculate the greatest common divisor of 361 and 5263.
19
Calculate the greatest common factor of 460 and 10166.
46
Calculate the greatest common divisor of 560 and 111760.
80
What is the greatest common divisor of 35 and 11155?
5
What is the highest common divisor of 16 and 9929736?
8
What is the greatest common factor of 60 and 128244?
12
Calculate the highest common divisor of 312 and 433776.
24
Calculate the highest com